Is 65563801 a composite number?
True
Is 665078689 prime?
False
Is 11738383 composite?
False
Is 21330601 a composite number?
True
Is 49598851 a prime number?
False
Is 189466943 a composite number?
False
Is 2748227 prime?
True
Is 73730837 a composite number?
False
Is 1400717 prime?
False
Is 20566409 composite?
False
Is 19910627 prime?
False
Is 35275547 prime?
False
Is 45641561 composite?
True
Is 979164193 a composite number?
True
Is 34625203 a composite number?
False
Is 16938881 a prime number?
True
Is 12089489 prime?
True
Is 644649 a composite number?
True
Is 249503479 a prime number?
True
Is 73513929 a prime number?
False
Is 13386831 a composite number?
True
Is 15518959 a composite number?
True
Is 1000357 a composite number?
False
Is 23065169 a prime number?
True
Is 2527387 a prime number?
False
Is 14095659 a composite number?
True
Is 6269623 prime?
True
Is 13370183 a composite number?
True
Is 7609153 prime?
True
Is 1517880733 prime?
False
Is 15473257 composite?
True
Is 55951897 a composite number?
True
Is 41069359 a composite number?
False
Is 277759241 composite?
False
Is 6644047 composite?
False
Is 2211269 a prime number?
True
Is 3292151 composite?
True
Is 3117421 a prime number?
True
Is 15691079 composite?
True
Is 200629678 a composite number?
True
Is 15257831 composite?
True
Is 785201 a composite number?
True
Is 95509 prime?
False
Is 6269909 a composite number?
True
Is 479725811 prime?
True
Is 8923 a prime number?
True
Is 1284421 a prime number?
True
Is 63889 a prime number?
False
Is 173827217 composite?
False
Is 4965047 a composite number?
False
Is 1747363 composite?
False
Is 2449133 a prime number?
True
Is 298153 composite?
False
Is 10119893 prime?
False
Is 106464473 a prime number?
False
Is 5217359 a composite number?
True
Is 9045599 prime?
True
Is 60362881 composite?
True
Is 729789271 composite?
False
Is 58214257 composite?
True
Is 246604277 prime?
True
Is 17221397 prime?
False
Is 16859771 composite?
False
Is 4401107 a composite number?
False
Is 1094623 prime?
True
Is 4007503 prime?
False
Is 81148957 composite?
False
Is 679838059 composite?
False
Is 1534297 a prime number?
False
Is 35092427 a composite number?
True
Is 148840187 a prime number?
False
Is 18067843 composite?
False
Is 182683573 a composite number?
True
Is 18910195 a prime number?
False
Is 358471 a composite number?
False
Is 21671049 a prime number?
False
Is 2271938 a composite number?
True
Is 552871 prime?
False
Is 4238233 a composite number?
True
Is 19119673 a composite number?
True
Is 121283 prime?
True
Is 130113619 a prime number?
False
Is 1422371 composite?
True
Is 3942167 a composite number?
True
Is 30954953 a prime number?
False
Is 98668811 prime?
True
Is 153087989 a prime number?
False
Is 56927047 prime?
False
Is 3320653 a prime number?
False
Is 5900273 a prime number?
False
Is 314654 a composite number?
True
Is 38835631 a composite number?
True
Is 615633233 a prime number?
False
Is 60126139 a composite number?
False
Is 1224673 a prime number?
True
Is 797383 a composite number?
False
Is 99156007 a prime number?
True
Is 104771213 prime?
True
Is 66570331 a composite number?
False
Is 3322507 a composite number?
False
Is 8044337 prime?
False
Is 1406617 a composite number?
False
Is 14864797 a composite number?
True
Is 1767187 a composite number?
False
Is 16038017 a composite number?
False
Is 739099 prime?
True
Is 38070911 a prime number?
False
Is 25925831 composite?
False
Is 249400457 prime?
False
Is 59402669 composite?
True
Is 25591349 a composite number?
True
Is 50010757 a prime number?
True
Is 4852039 prime?
True
Is 126784643 prime?
False
Is 4306537 a composite number?
False
Is 189851 prime?
True
Is 1658023 a composite number?
False
Is 43651567 composite?
False
Is 4345003 prime?
False
Is 481869109 composite?
True
Is 142657 a prime number?
True
Is 444801829 a composite number?
False
Is 1558681 prime?
True
Is 430487 a prime number?
True
Is 5416514 composite?
True
Is 53825741 a prime number?
True
Is 197842891 composite?
False
Is 95449127 prime?
True
Is 42997447 a composite number?
False
Is 120899251 composite?
True
Is 1453213 composite?
True
Is 3442903 a composite number?
False
Is 4000669 a prime number?
True
Is 2797647 composite?
True
Is 35882747 a prime number?
True
Is 14508797 composite?
False
Is 393940097 a composite number?
True
Is 321707 prime?
True
Is 3859997 a composite number?
True
Is 554935193 prime?
False
Is 18695 composite?
True
Is 584923 a composite number?
False
Is 5864267 a composite number?
True
Is 13771877 prime?
False
Is 11800079 a prime number?
False
Is 10096363 a prime number?
True
Is 1952887 a prime number?
True
Is 4191179 prime?
True
Is 129277241 a composite number?
False
Is 4062181 composite?
True
Is 43358659 composite?
False
Is 13480729 a composite number?
False
Is 2898647 a composite number?
True
Is 32160493 a prime number?
False
Is 18638467 composite?
False
Is 232357 a composite number?
False
Is 9287867 prime?
False
Is 6241279 composite?
True
Is 70326889 a prime number?
True
Is 1462999 a prime number?
True
Is 1218821 composite?
False
Is 2849291 a prime number?
True
Is 19436147 prime?
True
Is 1657687 prime?
False
Is 6071537 composite?
False
Is 73998011 composite?
False
Is 11074199 composite?
True
Is 27092951 a composite number?
True
Is 321761419 a prime number?
False
Is 44687051 a composite number?
False
Is 534515 a composite number?
True
Is 140503117 a prime number?
False
Is 819662099 composite?
True
Is 83744117 composite?
False
Is 311952713 prime?
False
Is 73773291 a composite number?
True
Is 3554147 prime?
True
Is 101401057 prime?
True
Is 46313857 a composite number?
False
Is 55507 composite?
True
Is 5954651 a prime number?
False
Is 2179589 a composite number?
False
Is 59251441 prime?
True
Is 433135 prime?
False
Is 12359915 a composite number?
True
Is 22554893 composite?
True
Is 2232985 a prime number?
False
Is 336435163 a composite number?
False
Is 49469623 a composite number?
True
Is 456899 prime?
True
Is 88040903 a prime number?
False
Is 72295861 prime?
False
Is 21992489 a prime number?
False
Is 9143297 a prime number?
False
Is 1328918 composite?
True
Is 24899185 a prime number?
False
Is 17499533 composite?
False
Is 8944843 composite?
True
Is 12081871 composite?
False
Is 987161 a prime number?
False
Is 893110667 a prime number?
False
Is 18599491 composite?
False
Is 2538411 a prime number?
False
Is 2705081 a prime number?
True
Is 207067955 a composite number?
True
Is 176531 prime?
True
Is 55631561 composite?
False
Is 11729017 composite?
False
Is 256126613 prime?
False
Is 6062213 composite?
False
Is 2764378 prime?
False
Is 48359341 a prime number?
True
Is 122977753 prime?
False
Is 230548823 a composite number?
False
Is 1530597 composite?
True
Is 167169943 a prime number?
False
Is 13088667 a composite number?
True
Is 551179 a prime number?
True
Is 162821 composite?
False
Is 1022393 composite?
True
Is 1449109 composite?
True
Is 82003723 a composite number?
False
Is 82732201 prime?
False
Is 378312137 a composite number?
True
Is 373823 a prime number?
True
Is 1296899 prime?
True
Is 30493382 a prime number?
False
Is 74813671 prime?
True
Is 323827 a composite number?
True
Is 185426831 composite?
False
Is 3031549 composite?
True
Is 48771967 a composite number?
False
Is 9135677 prime?
True
Is 67296431 composite?
True
Is 26944349 a composite number?
False
Is 71125033 a prime number?
False
Is 19156309 composite?
True
Is 98294231 a composite number?
True
Is 23906213 composite?
True
Is 530149363 a composite number?
False
Is 74279 prime?
True
Is 566910217 prime?
True
Is 78434693 a composite number?
False
Is 47439817 prime?
False
Is 102330169 composite?
False
Is 2951617 composite?
False
Is 24440953 a prime number?
True
Is 909443 composite?
True
Is 762277 a composite number?
False
Is 209025119 prime?
True
Is 105000197 a composite number?
False
Is 27721691 a composite number?
False
Is 93013007 a prime number?
True
Is 65530499 a composite number?
True
Is 11416039 prime?
False
Is 433393 a composite number?
False
Is 567287 composite?
True
Is 378133651 a composite number?
True
Is 873503 a prime number?
False
Is 909985 a prime number?
False
Is 519464635 composite?
True
Is 131891 composite?
False
Is 7404913 prime?
False
Is 2676127 a composite number?
False
Is